= -4*o + 40, -4*h - 3*o + 202 = -8*o. What is the highest common divisor of 36 and h?
12
Let w = 149 - 86. Calculate the greatest common divisor of 9 and w.
9
Let q = 17 + -13. Suppose -q*v = v - 80. Calculate the greatest common factor of 112 and v.
16
Suppose g - 3*k = -k + 12, 4*g = 5*k + 39. Suppose 0 = 3*t - g - 30. Let o = -23 + 35. What is the highest common factor of t and o?
12
Let k(p) = p**2 - 4*p - 3. Let g be k(8). What is the highest common factor of 203 and g?
29
Let o = 17 - 5. What is the greatest common factor of 132 and o?
12
Suppose -2*n + 4 = 0, 3*n + 32 + 1 = 3*y. Suppose 4*i - y + 5 = 0, 10 = z + 3*i. What is the greatest common factor of 36 and z?
4
Let u = -87 + 131. Suppose -2*p + 2*q - 4*q + 216 = 0, -5*p + 2*q + 554 = 0. What is the greatest common divisor of p and u?
22
Suppose 2*z - 8 = 3*z - 4*g, 4*z = 4*g - 8. Suppose -3*w - 44 = -5*w - 2*n, z = w + 2*n - 25. Calculate the highest common divisor of w and 76.
19
Let y be 0/(-1 - 1) - -8. Suppose 0 = -l + 13 + 18. Suppose j + 96 = c + l, -c = 4*j - 60. Calculate the highest common divisor of c and y.
8
Suppose 2*r + 224 = 4*r. Let j(h) = -h**2 - 6*h - 5*h - 6 + 2. Let t be j(-9). What is the greatest common divisor of r and t?
14
Suppose r - 5*r = -4. Let d = 23 + 6. Let t = d + r. What is the greatest common factor of 15 and t?
15
Let d = -11 + 18. Suppose 0 = -d*t + 2*t. Suppose 3*w + t + 12 = 0, -9 = s + 5*w. Calculate the greatest common factor of s and 77.
11
Let c be (-15)/25 - 308/(-5). Let t = -43 + c. What is the highest common divisor of t and 54?
18
Suppose 5*z = -2*d + 2*z - 8, -26 = -5*d + 4*z. Let h = 5 - 6. Let j = h + 4. What is the highest common factor of j and d?
1
Let c(f) = 113*f + 1. Let m be c(1). Suppose 0*b = 3*b - 2*z - m, 5*b - 4*z = 192. Let k = 138 + -129. What is the greatest common divisor of b and k?
9
Let h be (-858)/(-27) + (-6)/(-27). Calculate the highest common divisor of h and 144.
16
Let b = -1 - -1. Suppose 22 = -b*w + 2*w. Let d(m) = 2*m + 4. Let f be d(9). Calculate the greatest common divisor of f and w.
11
Let n(d) = -d**3 + 3*d**2 + d - 2. Let u be n(2). What is the highest common factor of u and 4?
4
Suppose -13*f + 22 = -147. What is the greatest common factor of f and 13?
13
Let r be (-4)/14 - 1098/(-21). Suppose n = 3*n - r. What is the highest common divisor of n and 26?
26
Suppose a + 0 = -5. Let x = 7 - a. Let k(q) = -3*q. Let l be k(-4). Calculate the highest common factor of l and x.
12
Let u = -34 - -144. Calculate the greatest common factor of 22 and u.
22
Suppose 0 = 2*a - 6*a + 2*y + 136, -52 = -2*a + 5*y. What is the greatest common factor of a and 9?
9
Suppose 4*f = -3 + 43. What is the greatest common divisor of 20 and f?
10
Suppose -2*z + 504 = z. Calculate the greatest common divisor of 24 and z.
24
Suppose 3*n = -28 + 448. Suppose 0 = -4*f - 0*f + n. Let h be 4/(-14) + 290/f. Calculate the highest common factor of h and 8.
8
Let y = -34 - -49. What is the highest common divisor of y and 165?
15
Let u be -2 - 549/3 - -3. Let z = -112 - u. What is the highest common divisor of z and 28?
14
Let u be 2761/253 + 6/69. Let s(o) = o**3 + 3*o + 1. Let f be s(4). What is the greatest common divisor of u and f?
11
Let w(y) be the second derivative of y**5/20 + y**4 + 3*y**3/2 + 4*y**2 - 3*y. Let d be w(-11). What is the greatest common factor of d and 12?
6
Let f(q) = q + 1. Let h be f(4). Suppose 36 = h*p - 19. Let r = -9 + 31. Calculate the highest common factor of r and p.
11
Let p be 108/26 + (-4)/26. Suppose p*t + 0*c - 129 = -5*c, 5*c = 25. What is the greatest common divisor of t and 39?
13
Suppose -4*v + 0*v + 4*d + 56 = 0, 0 = -3*v - 2*d + 22. What is the highest common divisor of 4 and v?
2
Suppose -5*o - a = 103, -4*o + 2*a - 8 = 80. Let r = o - -31. What is the greatest common factor of r and 5?
5
Let b = 4 - 0. Calculate the greatest common factor of b and 44.
4
Suppose -4*w - 412 = -4*u, -3*u = -2*w + 5*w - 315. What is the greatest common factor of u and 13?
13
Suppose -244 = 5*t - 0*i - 3*i, -i = 5*t + 232. Let k = t + 66. Calculate the highest common factor of 171 and k.
19
Let s = 49 - 29. Calculate the highest common divisor of 2 and s.
2
Let s(f) = 3*f + 77. Let t be s(-15). What is the greatest common divisor of 8 and t?
8
Let b(d) = -d**2 + 7*d - 6. Let o be b(6). Suppose -6*m + m + 15 = o. Suppose l - 3 + 0 = 0. Calculate the greatest common divisor of m and l.
3
Let l(z) = -4*z**3 - 6*z**2 - 3. Let u(r) = r**3 - r**2 + r + 1. Let g(d) = -l(d) - 3*u(d). Let v be g(-7). Calculate the highest common factor of 17 and v.
17
Suppose -4*v = -5*v + 22. What is the greatest common divisor of v and 2?
2
Let l(d) = d**2 - 5*d + 1. Let v be l(2). Let w be v/(2 - 9/5). Let p = 52 + w. Calculate the greatest common factor of 3 and p.
3
Suppose 2*n - 16 = -4*r, 2*r - 4*r + 16 = 5*n. Let s(x) = 12*x - 1. Let m be s(n). Let h be 1*(m + 0 + -2). What is the highest common factor of 3 and h?
3
Suppose 60 = -7*z + 12*z. Let f = 24 + z. What is the highest common factor of 4 and f?
4
Suppose 0*g - 882 = -6*g. Calculate the greatest common divisor of 21 and g.
21
Suppose -s + 16 = 3*s. Suppose s = -4*h + 5*h. Let b = -4 - -6. What is the greatest common divisor of b and h?
2
Let v = 7 + 8. Suppose 0 = -0*p - 4*p + 3*r + 17, 0 = -5*p - 4*r + 60. Let w(x) = x - 5. Let g be w(p). What is the highest common divisor of g and v?
3
Suppose 5*t - 8*i + 4*i - 41 = 0, 4*t - 5*i - 31 = 0. Let w(u) = 20*u**2 + 1. Let b be w(2). What is the greatest common factor of t and b?
9
Let o = 35 - -25. Calculate the highest common divisor of o and 10.
10
Let u be (-10)/4 + 4/8. Let b be u*(0 - 8/2). Suppose -3*a = -2*x - 208, -3*x - 348 = -2*a - 3*a. What is the greatest common factor of b and a?
8
Suppose -4*p = 5*j + 16, -4*p = -5*j - 16 - 8. Let t be ((-4)/6 - 2)*-3. Calculate the highest common divisor of p and t.
1
Suppose 3*o - 2*o - 4*y - 45 = 0, 20 = 4*y. Calculate the highest common divisor of o and 13.
13
Let o = -30 + 56. What is the highest common factor of o and 2?
2
Let j = 11 + -8. Suppose -2*t - j*n = -69, -2*t + 38 = -t + 5*n. What is the highest common factor of t and 3?
3
Let n(w) = w - 3. Let o be n(9). Let m = 7 - o. What is the greatest common factor of m and 9?
1
Let u(h) = h**2 - 16*h - 13. Let p be u(17). Suppose -27 - 73 = -5*c. Calculate the highest common divisor of p and c.
4
Suppose -4*v + 140 = 4*y, 4*y - v - 82 = 2*y. What is the greatest common factor of 78 and y?
39
Let s = 31 + -29. Calculate the greatest common factor of s and 3.
1
Suppose 5*f + 21 = h, -2*h + 6*h + 4*f - 12 = 0. Suppose -80 = -h*w + w. What is the highest common divisor of 16 and w?
16
Suppose -4 = w - 3*w. Let t = 0 + w. Let c(u) = u + 11. Let v be c(-9). Calculate the greatest common divisor of v and t.
2
Let f be (-3)/(-1)*(5 + -4) - -20. What is the highest common divisor of 207 and f?
23
Let h = -81 - -82. What is the greatest common divisor of h and 16?
1
Let a(d) = -d**2 - 22*d - 37. Let h be a(-20). Calculate the highest common factor of 30 and h.
3
Let w = 3 + 17. Calculate the greatest common divisor of w and 10.
10
Let r = -4 + 17. Let i = 27 - -38. What is the highest common divisor of r and i?
13
Let i = -33 + 129. Let u = 272 + i. Let y = u + -203. Calculate the greatest common divisor of 15 and y.
15
Let o = -34 - -66. Let f = o + -12. Let z be 42/(-21)*(-1*1 + -1). What is the highest common factor of z and f?
4
Let m(f) = 2*f**2 - 7*f + 6. Let r be m(4). Calculate the greatest common divisor of 50 and r.
10
Suppose 0*a - 2*a = 0. Suppose -4*u - 2*y + 34 = a, u - 2*y + 40 = 6*u. What is the highest common divisor of 24 and u?
6
Let m be ((-9)/(-6) + -1)*-6. Let p be 4/12 - 59/m. Suppose -5*f = -2*t - 2*t + 45, 0 = 4*t + 2*f - 38. What is the highest common factor of t and p?
10
Let k = -12 + 14. Suppose k*y - 78 = -y. Let s(j) = -28*j**3 + 4*j**2 + 3*j. Let i be s(-2). Calculate the greatest common divisor of y and i.
26
Let l(g) = -7*g**2 + 2*g + 1. Let q be l(-1). Let u = q + 12. Calculate the greatest common divisor of u and 4.
4
Let i(c) = c**2 + c + 1. Suppose 0 = 4*t + 2*d + 16, -4*t = 2*d + 2*d + 24. Let q be i(t). Suppose -1 + q = k. What is the greatest common factor of 16 and k?
2
Let j(v) = -20*